ase 3.
10022100220
Convert 10001011010101010110000 (base 2) to base 5.
2132100210
What is -1870cb (base 14) in base 6?
-30310255
What is -70366 (base 11) in base 9?
-166157
3022113111 (base 4) to base 15
1158e0
What is 695364 (base 10) in base 5?
134222424
What is -520632 (base 7) in base 14?
-246c2
3152262 (base 7) to base 5
44220322
-883265 (base 9) to base 3
-222210022012
-23755855 (base 9) to base 3
-210211212221212
-b90031 (base 14) to base 6
-342114015
Convert -29aba9 (base 15) to base 11.
-1153793
What is 78574 (base 9) in base 8?
146007
Convert -590b08 (base 12) to base 11.
-899190
Convert 3562642 (base 7) to base 12.
19997a
What is -311032313120 (base 4) in base 11?
-7971268
-56a483 (base 13) to base 7
-23300244
What is -38507 (base 12) in base 6?
-1351211
-210553532 (base 6) to base 15
-4cbe6b
What is 1130230233 (base 4) in base 12?
163893
134703 (base 10) to base 11
92228
Convert -317483b (base 12) to base 13.
-1c294b8
What is -f5b23 (base 16) in base 5?
-224200441
-2553123 (base 6) to base 9
-232156
Convert 2441332 (base 8) to base 4.
2210023122
Convert -147310 (base 8) to base 6.
-1045024
What is 7577263 (base 9) in base 3?
21122121022010
Convert -3245225 (base 7) to base 4.
-1201022231
What is 4213042221 (base 5) in base 11?
4a17702
-2251203 (base 8) to base 15
-c104c
-297852 (base 10) to base 2
-1001000101101111100
What is -110022000310 (base 4) in base 15?
-6e58e7
Convert -130011421 (base 5) to base 14.
-124125
-11046 (base 13) to base 14
-b332
What is 10011010011001100101 (base 2) in base 5?
130214141
2aee22 (base 16) to base 4
22232320202
Convert 12220 (base 7) to base 15.
e34
-122251255 (base 6) to base 16
-23efd3
Convert -18074 (base 10) to base 5.
-1034244
2abb7 (base 13) to base 16
13ccd
What is 1036878 (base 9) in base 15?
aec12
What is 4423134 (base 5) in base 10?
76669
What is 42151 (base 10) in base 9?
63734
301220010 (base 4) to base 14
54112
Convert 681673 (base 9) to base 3.
202201202110
Convert 233433 (base 6) to base 12.
b879
What is 35221 (base 13) in base 5?
11101113
Convert -1101110001101010 (base 2) to base 6.
-1113122
Convert -45021 (base 13) to base 7.
-1031115
Convert -a4c29 (base 13) to base 7.
-2343214
-110111110110010111 (base 2) to base 12
-b0473
Convert 2111111102210 (base 3) to base 4.
11010112230
26853 (base 11) to base 10
38294
-1330322 (base 6) to base 10
-73994
Convert 11101110001100110010 (base 2) to base 5.
222210131
What is 14847 (base 9) in base 7?
41434
1632435 (base 7) to base 9
374750
What is -637245 (base 8) in base 11?
-135844
Convert -9c3296 (base 16) to base 11.
-586197a
What is -233368 (base 9) in base 2?
-100010001111110001
What is 112047 (base 12) in base 15?
55da4
What is 6d2d5 (base 14) in base 12?
10a44b
ab128 (base 15) to base 13
1605a4
Convert 11201041313 (base 5) to base 4.
233300032331
What is 10011000010111100 (base 2) in base 4?
103002330
514aa6 (base 12) to base 9
2350660
166066 (base 7) to base 13
12220
What is -31021513 (base 6) in base 8?
-3311165
132451153 (base 7) to base 15
b3d6b1
What is -2772 (base 8) in base 4?
-113322
Convert 6c154 (base 13) to base 9.
331504
What is 2d9ca (base 15) in base 12?
71324
15044535 (base 6) to base 11
325313
-1201378 (base 9) to base 4
-2132311112
What is -233113314 (base 6) in base 16?
-425bae
Convert -1301131 (base 5) to base 16.
-624e
Convert 98446a (base 14) to base 5.
2310101343
Convert -122210112 (base 4) to base 7.
-632160
29193 (base 13) to base 4
102312000
-20653 (base 14) to base 10
-78081
Convert 2223130230 (base 4) to base 16.
ab72c
Convert 2915ca2 (base 13) to base 3.
220112100100102
Convert -42154512 (base 6) to base 9.
-2271888
-1086227 (base 12) to base 8
-14040677
Convert 11353022 (base 6) to base 2.
1010111001011000110
-b80338 (base 13) to base 2
-10000011101000010110001
-210212202100001 (base 3) to base 9
-23782301
-3844 (base 9) to base 10
-2875
67603 (base 9) to base 3
2021200010
2852356 (base 9) to base 12
638573
Convert -3196b7 (base 13) to base 7.
-12613525
254754 (base 8) to base 14
243b6
a1878 (base 11) to base 10
148794
What is 1321d65 (base 14) in base 2?
100011001100010000000101
What is 2114405 (base 6) in base 7?
610310
What is -154470 (base 8) in base 3?
-2211021120
Convert 413ec (base 15) to base 2.
110010011110110100
Convert 8a5020 (base 14) to base 9.
8753777
What is 194130 (base 11) in base 15?
5d5b8
Convert -355519 (base 10) to base 6.
-11341531
Convert -822885 (base 10) to base 13.
-22a71b
21210113023 (base 4) to base 14
494119
What is 41366 (base 11) in base 4?
32232222
What is -825a43 (base 13) in base 9?
-5643325
-147146 (base 9) to base 15
-1bc49
-b57771 (base 12) to base 4
-22320302011
What is 112022201012 (base 3) in base 13?
9b417
What is -13066c (base 13) in base 7?
-3615340
-27cdb (base 14) to base 13
-35b46
Convert -5535034 (base 9) to base 13.
-802645
What is 714813 (base 14) in base 6?
213441253
Convert -10021402 (base 5) to base 12.
-3a096
What is -10936982 (base 10) in base 14?
-1649ad0
Convert -24334501 (base 6) to base 7.
-6404524
Convert -110000010101100101010 (base 2) to base 10.
-1583914
201120111100 (base 3) to base 7
3163146
Convert 452360 (base 7) to base 12.
3a438
-2220100001 (base 3) to base 5
-3311411
Convert -211133113 (base 5) to base 11.
-551511
What is -123123120203 (base 4) in base 9?
-14467805
3398855 (base 11) to base 4
112222200201
What is 420dd (base 14) in base 11?
a97a1
-218197 (base 12) to base 6
-15225111
What is 1142030 (base 7) in base 15?
2cd62
What is -6523761 (base 10) in base 8?
-30705561
Convert 3432310410 (base 5) to base 7.
122266666
What is -23000130 (base 4) in base 2?
-1011000000011100
-89a2c (base 13) to base 2
-111101000010000101
Convert 122496 (base 10) to base 15.
26466
429a8 (base 13) to base 7
1010502
Convert 43a52 (base 12) to base 14.
24942
Convert -3373427 (base 9) to base 7.
-21316633
Convert -33151020 (base 6) to base 10.
-994260
What is 950187 (base 11) in base 10?
1522880
188478 (base 10) to base 3
100120112200
-10011110000110111 (base 2) to base 3
-11010001012
Convert 123113223 (base 4) to base 6.
2223003
-15b5ff (base 16) to base 9
-2607701
What is 809097 (base 12) in base 10?
2006323
-4e7c3f (base 16) to base 14
-97c6d1
Convert -2515240 (base 6) to base 3.
-20211201120
1b655 (base 13) to base 5
3210222
Convert 100587 (base 10) to base 12.
4a263
-8598d (base 15) to base 9
-715587
-1446347 (base 9) to base 4
-3002331031
What is -101100010000101010011 (base 2) in base 14?
-29a787
-40320000 (base 5) to base 6
-10531541
What is 15402324 (base 6) in base 8?
2050154
What is -283733 (base 9) in base 7?
-1321311
Convert 11001110100101000 (base 2) to base 10.
105768
Convert -34765 (base 10) to base 16.
-87cd
101101000110000111110 (base 2) to base 3
2210002000102
102220203301 (base 4) to base 7
56343112
Convert 21158b (base 14) to base 7.
12334134
Convert -53a168 (base 12) to base 13.
-374774
-942b91 (base 13) to base 9
-6456276
What is -2d06b1 (base 14) in base 8?
-6006703
1133033 (base 7) to base 15
2c442
Convert 2111101202210 (base 3) to base 15.
1b310c
What is 2530630 (base 8) in base 3?
1022121100110
Convert 111100021 (base 4) to base 3.
11102102001
2703 (base 12) to base 6
32403
What is -8c7c0 (base 13) in base 12?
-104313
Convert -4b944 (base 12) to base 10.
-103300
462677 (base 8) to base 5
20011434
What is 45225234 (base 6) in base 16?
14f0b6
What is 91995 (base 11) in base 9?
224184
-6d710 (base 14) to base 8
-1012442
Convert 126866b (base 12) to base 7.
42536126
-824467 (base 9) to base 4
-1313111233
Convert -25432 (base 14) to base 7.
-530262
4ba69b (base 12) to base 13
346235
-2301130 (base 8) to base 3
-1011122212012
680428 (base 10) to base 3
1021120101001
-10110101101101110 (base 2) to base 15
-1c878
What is 100031212122 (base 4) in base 9?
7886823
-96286 (base 10) to base 12
-4787a
-40240212 (base 5) to base 11
-1aa448
Convert a8aa4 (base 13) to base 8.
1123562
Convert 100110101110011111 (base 2) to base 16.
26b9f
Convert -a2349 (base 14) to base 4.
-1133102131
Convert -10442102 (base 5) to base 2.
-10110110011011010
-2043444400 (base 5) to base 8
-20251611
Convert 5302534 (base 6) to base 12.
104a4a
Convert -220121100010002 (base 3) to base 16.
-c786bc
61211501 (base 7) to base 12
185895b
5b35c (base 15) to base 14
780a8
6